ive m(-1).
-5
Suppose -3*c + 5 = -4*w - 0, -4*c + 13 = w. Let u be 1 + w*(3 - 4). Suppose -5*i = -n + 21, 4*i + u - 6 = -3*n. Let j(a) = a**2 - 5*a - 6. Determine j(n).
0
Let m = -26 + 29. Let u(w) be the third derivative of 3*w**2 - 1/6*w**4 - 1/6*w**m + 0 + 0*w. Calculate u(-1).
3
Suppose 2*q = 6*q - 20. Let f(o) = o**3 - 2*o**2 + 7*o + 4. Let t(v) = v**2 + v. Let n(u) = f(u) - 4*t(u). Calculate n(q).
-6
Suppose 3*h + 5*c - 31 = 0, 0 = -h - 4*c + c + 9. Let t = h + -12. Let f(j) = 2*j**2 + 15 - 3*j**2 - 5. Determine f(t).
10
Let x(p) = -p - 2. Suppose -3*c + 3 = r, -3*r + 5*r - 5*c + 5 = 0. Determine x(r).
-2
Let m(n) = 4*n**2 - 15*n + 24. Let v(q) = -q**2 + 5*q - 8. Let o(g) = -2*m(g) - 7*v(g). Determine o(-6).
2
Let q(y) = 1 - 1 + 2*y. Suppose -f - 4 + 1 = 0. Let o(j) = -j**2 - j + 2. Let x be o(f). Determine q(x).
-8
Let r = 8 + -5. Let k(q) = 0*q**2 + 5*q + q**2 - 4*q + r*q. Calculate k(-4).
0
Let m(f) be the third derivative of f**4/24 - 7*f**3/6 + f**2. Let s be 20 - 0 - (-1 + 3). Let a = s - 13. Give m(a).
-2
Suppose 10*o + 5 = 9*o. Let i(f) = -f - 2. Let r be i(-4). Let k(z) = -2 + 1 + r*z + 5. Determine k(o).
-6
Let i(p) = p. Let m(k) = -10*k. Let v(f) = 8*i(f) + m(f). Let y(s) = -s + 4. Let c(w) = 2*w**2 - 2*w + 3. Let x be c(2). Let l be y(x). Determine v(l).
6
Let v(b) = b**3 - 4*b**2 + 2*b. Let s = 14 + -8. Suppose -r - r = y - s, 3*y - 10 = -2*r. Suppose 5*l + 21 = -2*f, f + 2*f - r*l = 16. Calculate v(f).
-4
Let g(k) = k**2 - 2*k + 1. Let s be 3/(-2)*2/(-1). Let d be g(s). Suppose 35 = -d*c + 8*x - 3*x, -4*x = -4*c - 32. Let q(n) = -2*n - 4. Give q(c).
6
Let g(d) be the first derivative of -1/30*d**5 + 2/3*d**3 - 1/24*d**4 + 0*d + 1/360*d**6 - 2 + 0*d**2. Let i(k) be the third derivative of g(k). Determine i(5).
4
Let p(u) = u + 2. Let k(c) = -c**2 + 3*c + 2. Let f be k(3). Let r(y) = -8*y - f*y**3 + 11 + y**3 + y + 10*y**2 - 3*y. Let m be r(9). Give p(m).
4
Let m be 9/27 + 11/3. Let g(q) = 4 + 2*q**2 + q**2 - 7*q**2 - q**2 + q**3 + 5*q. What is g(m)?
8
Let w(s) = -s**2 + s + 4. Let j(l) = 6*l**2 + 2*l + 1. Let h be j(-1). Suppose 29 = 5*m + r, -6*r + 26 = 2*m - 2*r. Let n = h - m. What is w(n)?
4
Let b(l) = -8*l**3 + 2*l**2 - l. Let p(q) be the third derivative of -q**5/60 + q**4/12 + 2*q**3/3 - 4*q**2. Let g be p(3). What is b(g)?
-7
Let z(c) = -c**2 - 8*c + 4. Let g be z(-8). Let m(t) = t**3 - 4*t**2 - 2*t + 5. What is m(g)?
-3
Let y(p) = 4*p**3 + p**2 + 8*p + 6. Let r(z) = 6*z**3 + z**2 + 12*z + 9. Let l(k) = -5*r(k) + 8*y(k). What is l(-2)?
-9
Let x(n) = -4*n + 1 - n + n**2 + 5*n + n. Determine x(2).
7
Let p(r) be the first derivative of r**2/2 - 1. Suppose 4*n - 3 = n. Determine p(n).
1
Let l(g) be the first derivative of -2*g**3/3 - 4. Suppose -2*t + 29 = 9. Suppose -t = 4*f + f. Give l(f).
-8
Suppose f = -f. Suppose -2*k - k - 3 = f. Let d(p) be the first derivative of -5*p**3/3 + p**2 + p - 5. What is d(k)?
-6
Let w = 0 + 2. Let t(y) = -3*y**2 + y**2 + 3 - 1 + 2*y. Give t(w).
-2
Suppose -p + 36 = 3*p. Let c(o) = -o**3 + 9*o**2 - 4. Let v be c(p). Let g(z) be the first derivative of -3*z**2/2 - 3*z + 2. Give g(v).
9
Let y(l) = -5*l**2 + 11*l - 17. Let g(h) = 2*h**2 - 5*h + 8. Let d(r) = -7*g(r) - 3*y(r). Let a(s) = -s - 1. Let m be a(-3). Suppose -u - 6 = -m. What is d(u)?
3
Let m(k) = 7*k**3 - 7*k**2 - 15*k + 4. Let z be 3/(1/8*6). Let h(y) = -4*y**3 - 2 + 4*y + z*y**2 + y + 3*y. Let d(f) = 5*h(f) + 3*m(f). Determine d(3).
5
Let h(a) = -2*a**2 + 7*a + 1. Suppose -2 = -q + 3. Give h(q).
-14
Let u(d) = 4*d - 3. Let z(t) = 11*t - 9. Let j(r) = 17*u(r) - 6*z(r). Suppose 2*q - b = -q - 14, 3*b - 24 = 3*q. Calculate j(q).
-3
Let o = -20 + 35. Suppose 0 = -4*r + 7*r - o. Let k(u) = -u**3 + 5*u**2 - u - 5. Calculate k(r).
-10
Let t(m) = -m + 6. Let d(y) = 2*y - 2. Let h be d(3). Suppose -l - h - 2 = 0. Let k be (-4)/l - 104/(-24). Give t(k).
1
Let z = -1 + 2. Let a(t) be the second derivative of -t**5/60 + t**3/6 - 13*t**2/2 + 5*t. Let g(j) be the first derivative of a(j). Calculate g(z).
0
Let m be 0 + 0 + (-52)/(-13). Let a(u) = -2 + 6*u - 10 - u**2 + m. Calculate a(6).
-8
Let k(j) = -5*j**2 - 3*j + 5. Let u(g) = 2*g**2 + 2*g - 3. Let h(b) = -3*k(b) - 5*u(b). Let i(r) = r**3 - 11*r**2 - 27*r + 12. Let d be i(13). Give h(d).
6
Let c(k) = -9*k - 6. Let z(q) be the first derivative of 5*q**2/2 + 3*q - 1. Suppose 0 = 2*b - 4 + 14. Let r(j) = b*z(j) - 3*c(j). What is r(-2)?
-1
Suppose -f - f - 14 = 0. Let q be (f/3 - -2)*-9. Suppose q*g - 18 = -3. Let d(z) = z**2 - 5*z - 2. Calculate d(g).
-2
Let f(i) be the second derivative of i**4/12 + 7*i**3/6 - i**2/2 - 3*i. Calculate f(-7).
-1
Let w(p) be the third derivative of p**6/120 + p**5/12 + p**4/8 + 5*p**3/6 - 10*p**2. Determine w(-4).
9
Let k(b) = 3*b + 9. Let s(v) = 3*v + 10. Let m(d) = 6*k(d) - 5*s(d). Suppose -r + 2*r + 3 = 0. Determine m(r).
-5
Let f(j) = -j**2 + 1. Let h(b) = -b**2. Let r(z) = -4*f(z) + 3*h(z). Let k be 4 + -1*2 + 1. Let m = 3 - k. What is r(m)?
-4
Let z(a) = -5*a - 1. Let w be (-6)/(-12) + 39/2. Let q = w + -19. Calculate z(q).
-6
Let d(f) be the second derivative of f**3/3 + 8*f. Let b be 10/(-2)*9/(-15). Give d(b).
6
Let a(g) = 8*g**3 + g**2 - 1. Suppose -2*h = 4*m + 318, -h - 1 = 4. Let j be m/(-63) + (-2)/9. What is a(j)?
8
Let i(q) = 3*q - 4. Let m(n) be the third derivative of -n**4/24 - n**3/6 - 2*n**2. Let y be m(-4). Determine i(y).
5
Let j(a) = -3*a - 11. Let h(n) = n + 4. Let y(b) = -11*h(b) - 4*j(b). What is y(-3)?
-3
Suppose 7 - 42 = 5*j. Let f be 9/j + (-2)/(-7). Let i(r) = 3*r + 1. What is i(f)?
-2
Let s(r) = 2*r**2 + r - 4. Let p(i) = i**2. Let f(l) = p(l) - s(l). Give f(0).
4
Let u(m) = m - 10. Let j(q) = -4*q - 9. Let i(o) = 3*o + 9. Let t(y) = -5*i(y) - 4*j(y). Let x(z) = 6*t(z) - 5*u(z). Determine x(6).
2
Let s(f) be the second derivative of 2*f - 1/6*f**3 + 0 - 1/2*f**2. Calculate s(-2).
1
Let d(z) = z + 2 + 0*z**2 + z**2 + z**3 + 4 - 2*z**3. Let r(y) = -y**2 - 6*y - 5. Let t be 5/(-2*(-1)/(-2)). Let h be r(t). What is d(h)?
6
Let f(p) be the third derivative of p**5/60 - p**4/6 + 2*p**3/3 + 18*p**2. Give f(3).
1
Let v(g) be the second derivative of -g**5/20 - g**4/2 - g**3 + g**2/2 + 19*g. Calculate v(-5).
6
Let d(r) = -r**2 + 1. Let u(f) = f**2 - 8. Let i(j) = -2*d(j) - u(j). What is i(0)?
6
Let f(j) = 3*j + 35. Let i be f(-11). Let n(c) be the first derivative of -c**4/2 + 2*c**3/3 + c**2 - c + 3. What is n(i)?
-5
Suppose 0 = 4*t - 12 - 0, t - 11 = -4*z. Let h be 4 - 3 - (-1 + z). Let c(m) = m**3 + m**2 + m + 4. Give c(h).
4
Let p = -75 + 81. Let s(j) = -3*j + 14. What is s(p)?
-4
Let s(w) = 6*w - 5. Let x(c) = -1. Let b(l) = -s(l) + 6*x(l). Give b(1).
-7
Let x(y) = y**2 + 11*y + 5. Let g(u) = -u**2 - 12*u - 5. Let f(l) = -3*g(l) - 4*x(l). Calculate f(-6).
7
Let y be (2/(-7))/(1/(-7)). Let v(q) = -7*q + 3 - 4*q**2 + 2*q**y + 3*q**2 + 3. Give v(6).
0
Let s = 2 - 0. Let l(f) = f**2 + f + 10. Let r(m) = -2. Let h(b) = -2*l(b) - 11*r(b). Calculate h(s).
-10
Suppose 5*k = 5*y - 35, -k - 2*k - 25 = -4*y. Suppose y*m - 8 - 4 = 0. Let b(s) = 2*s**2 - 3*s + 1. What is b(m)?
10
Let p(f) = 4*f**2 - 3*f - 80*f**3 - 2 + 41*f**3 + 38*f**3. Suppose 3*v + 27 = 3*d, 3*d + 2*v = 2*d - 6. What is p(d)?
-14
Let x(i) = -i**3 + 1. Let k be x(1). Let m = 2 - k. Suppose 0*j - 3*j + 13 = 5*f, -4*j = -f - m. Let a(u) = -7*u**2 + 2*u - 1. Give a(j).
-6
Let i(q) = -2*q + 5*q**3 + 7*q**2 - 4*q**3 - 10*q**2. Determine i(3).
-6
Let q(o) = -8 + 6 + 6*o - 2*o - 2*o. Let y(v) = 6*v + 7 + v**2 - 1 + 0. Let f be y(-4). What is q(f)?
-6
Let k(j) = j**3 - 2. Let i(h) be the first derivative of -h**2 + h + 2. Let a be i(-2). Suppose -9*t = -a*t. Determine k(t).
-2
Suppose 4*t + 2*h = -2*h + 4, h + 2 = 0. Let z be (t/4)/((-5)/20). Let a(q) = q**2 + 4*q + 4. Calculate a(z).
1
Let u(a) be the second derivative of a**3/6 + 4*a**2 + 2*a. Suppose 0 = -3*x - 21 + 3. What is u(x)?
2
Let f(p) = 13*p**2 - 4*p + 3. Let u(q) = -2*q**2 - q + 1. Let g(r) = -f(r) - 6*u(r). Give g(10).
-9
Let c(m) = -m**2 + m + 3. Let h(n) = -3*n**2 + 3*n + 7. Let d(l) = 5*c(l) - 2*h(l). Suppose -z - 4*a - a = -11, -2*z + 4 = a. Suppose -u + z = -0. What is d(u)?
1
Let n(b) be the second derivative of b**5/20 + b**4/3 - 2*b**3/3 - b**2/2 - 38*b. Give n(-5).
-6
Let j be 4/(-8) - (-2)/4. Let h(w) be t